 -20200212022001211 - -11?
-20200212022001200
In base 16, what is 7890a - -65?
7896f
In base 12, what is -75155b + -4?
-751563
In base 16, what is 570e - a?
5704
In base 13, what is -6b8526 - -9c?
-6b8457
In base 11, what is -10072 - 1137?
-111a9
In base 3, what is 2 - -11002211200112?
11002211200121
In base 9, what is 8035353 - 2?
8035351
In base 14, what is 9d - 100b2?
-10013
In base 8, what is 3 - -41674314?
41674317
In base 5, what is -103332342 + -12113?
-103400010
In base 13, what is -3b56209 - -2?
-3b56207
In base 13, what is -33207c2 + 4?
-33207bb
In base 16, what is -2c0b0 - a?
-2c0ba
In base 5, what is 22000322103 + 4?
22000322112
In base 3, what is -20 - -102201212022?
102201212002
In base 6, what is -55423025201 + -1?
-55423025202
In base 14, what is 4760b + -88b?
46b60
In base 12, what is 380 + -16a781?
-16a401
In base 2, what is -111000011000000000110 - -1110?
-111000010111111111000
In base 8, what is -716 - 5477?
-6415
In base 2, what is -10000010010000010 + -1000100100100?
-10001010110100110
In base 16, what is 10 + -d28bb?
-d28ab
In base 6, what is 5302 - -24113?
33415
In base 2, what is -1 + 1100001110001011111110000?
1100001110001011111101111
In base 4, what is -100 - -10110110212?
10110110112
In base 5, what is -312032200 + -1?
-312032201
In base 9, what is -1816026476 + -3?
-1816026480
In base 6, what is 20 - -435143221?
435143241
In base 16, what is -1815da4 + 0?
-1815da4
In base 9, what is -422773 + -25?
-422808
In base 14, what is d21679 - 7?
d21672
In base 9, what is 3 + -4232553?
-4232550
In base 11, what is -1a13 + -26267?
-2817a
In base 8, what is -1313735361 - 1?
-1313735362
In base 13, what is 6899247 + 5?
689924c
In base 5, what is 32302 + 102443?
140300
In base 11, what is -90a9397 - 6?
-90a93a2
In base 6, what is -35544 - 2211?
-42155
In base 13, what is 8001 + 4a1?
84a2
In base 6, what is -202 - 2002311?
-2002513
In base 5, what is 3032232220 - 2?
3032232213
In base 9, what is 24244 + 45488?
70743
In base 15, what is -2 + e526a?
e5268
In base 2, what is 100010 + 11010110001010000?
11010110001110010
In base 3, what is 11001100001 + 100221?
11001200222
In base 7, what is -14425430 - 12?
-14425442
In base 10, what is 73 + -188526?
-188453
In base 10, what is 16 + 13965537?
13965553
In base 15, what is 12 - -309bb5?
309bc7
In base 9, what is -326 + 830240?
828813
In base 14, what is 44590 + 22d?
447bd
In base 16, what is -151653 - 3?
-151656
In base 14, what is -87501 - -32?
-874ad
In base 13, what is -3b991 - -bcc?
-3aa92
In base 3, what is 11 + -1021211201220221?
-1021211201220210
In base 3, what is -221121 - 1010201221202?
-1010202220100
In base 5, what is -114311002130 + 10?
-114311002120
In base 6, what is -10 + -114512544?
-114512554
In base 15, what is -d460ca72 + -5?
-d460ca77
In base 15, what is 0 + 9ed4c?
9ed4c
In base 2, what is 10110100001000101010 + 1111011100?
10110100011000000110
In base 11, what is -57 - a1318?
-a1374
In base 13, what is -4 - 26902c42?
-26902c46
In base 7, what is -5 + 32626346?
32626341
In base 7, what is -14 - -2033001654?
2033001640
In base 8, what is -634 - 1143163?
-1144017
In base 11, what is 7123881 - -2?
7123883
In base 14, what is -35 - 67c19?
-67c50
In base 12, what is -a4802 - 189?
-a498b
In base 7, what is 535621 - -42?
535663
In base 7, what is -15631015 - 21?
-15631036
In base 11, what is 322234 + 250?
322484
In base 16, what is -366 - 320?
-686
In base 7, what is -130 - 45436?
-45566
In base 13, what is 255922 + -45?
2558aa
In base 7, what is -52203 - 2245?
-54451
In base 2, what is 100101110110010100 + -11001?
100101110101111011
In base 3, what is -101001002 - -1121102?
-22102200
In base 14, what is -3097 - -ac4?
-23b3
In base 16, what is -46e7e - 30f?
-4718d
In base 11, what is -54 - 2a75031?
-2a75085
In base 14, what is -c711790 + -5?
-c711795
In base 4, what is 30311110 - 21?
30311023
In base 15, what is 45eba9 - -5?
45ebae
In base 14, what is -4 + -d8ab7?
-d8abb
In base 9, what is 17 - -3332168?
3332186
In base 8, what is 316 - -607723?
610241
In base 10, what is -2038 - -8867?
6829
In base 8, what is 4577675 + 1?
4577676
In base 2, what is -101 - -10011011000000011111100?
10011011000000011110111
In base 9, what is 404357 + -157?
404200
In base 6, what is -2105404 + -51?
-2105455
In base 8, what is 70 + 1344316?
1344406
In base 6, what is 105 + 322334?
322443
In base 12, what is -3a95b8 - 133?
-3a972b
In base 14, what is -573d375 - 0?
-573d375
In base 7, what is 5 - -36320043?
36320051
In base 16, what is -10 - -8b7a1b?
8b7a0b
In base 6, what is -421 + 523244?
522423
In base 11, what is -6966 - 461?
-7317
In base 15, what is d3 + -b8b?
-aa8
In base 4, what is -133310 + -131100?
-331010
In base 10, what is 1054245 + 2?
1054247
In base 4, what is 133312 + 112330011?
113123323
In base 11, what is -72a3a27 + 0?
-72a3a27
In base 4, what is 11 - -31333201113?
31333201130
In base 6, what is -333514 + 1132?
-332342
In base 8, what is -773356 + -641?
-774217
In base 9, what is 24558 + -562?
23886
In base 15, what is 14 + 5be06?
5be1a
In base 9, what is 7 + 18373318?
18373326
In base 8, what is 504571703 + 2?
504571705
In base 16, what is 1dc4 + -1a9b?
329
In base 14, what is -206c + -26135?
-281a3
In base 11, what is -1 + 108050700?
1080506aa
In base 3, what is -2012112 + 2201221?
112102
In base 15, what is 53d - 2cd7?
-2799
In base 7, what is -65 + 43635111?
43635013
In base 12, what is 162138 - 421?
161917
In base 10, what is -53556 - -409?
-53147
In base 15, what is 12a + -1400d?
-13dd3
In base 8, what is -6230 + 33133?
24703
In base 8, what is 3 - -51470464?
51470467
In base 13, what is -681c + -477b?
-b29a
In base 16, what is -a + -15013c?
-150146
In base 10, what is -59461 + -1722?
-61183
In base 12, what is 3a + -168a10?
-168992
In base 16, what is -f322 + cdd?
-e645
In base 13, what is 140170 - a6?
140097
In base 9, what is -3411 + 141116?
136605
In base 16, what is 4b49 + -498b?
1be
In base 13, what is 1364 - 1091?
2a3
In base 16, what is -5 - 8825164?
-8825169
In base 4, what is -1322031100303 + -11?
-1322031100320
In base 11, what is -14731780 - -1?
-1473177a
In base 9, what is 2114341 + -570?
2113661
In base 11, what is 13a + 71a24?
72063
In base 2, what is -10111 + 101011010011000001111?
101011010010111111000
In base 2, what is -10 - 11001100100001000111010?
-11001100100001000111100
In base 15, what is -6b9c - e2?
-6c8e
In base 15, what is 134 + 41e7d?
420b2
In base 14, what is -8358 + -ca00?
-16d58
In base 10, what is 270 - -8032?
8302
In base 2, what is 100000010100010001000 + 101011?
100000010100010110011
In base 14, what is -caaa2d - 4?
-caaa33
In base 3, what is 10220210112210 + 2220?
10220210122200
In base 14, what is 795a43c - 7?
795a435
In base 8, what is 43707510 + 2?
43707512
In base 15, what is 77 + -3c855?
-3c7cd
In base 11, what is -18 + -1a37a379?
-1a37a396
In base 15, what is c8b59e - -3?
c8b5a2
In base 10, what is -21341505 - 10?
-21341515
In base 9, what is 0 + -6601618?
-6601618
In base 14, what is -687b78a - 1?
-687b78b
In base 8, what is -16 - 10203507?
-10203525
In base 15, what is 2 - e82b077?
-e82b075
In base 14, what is -56 + -4a212?
-4a268
In base 10, what is -37284669 + 5?
-37284664
In base 5, what is 3 - 4403413010?
-4403413002
In base 16, what is 4 - 137878a?
-1378786
In base 6, what is -214315332003 - 1?
-214315332004
In base 9, what is -3070 + -37076?
-41156
In base 5, what is -41 - 34104000?
-34104041
In base 7, what is -11225132201 + -2?
-11225132203
In base 4, what is -2 + -22222032202?
-22222032210
In base 14, what is 2c323 - -b0?
2c3d3
In base 7, what is -106164543 + 3?
-106164540
In base 9, what is 20487 - 3826?
15561
In base 4, what is 201133311231 + 12?
201133311303
In base 9, what is -50 - 56382?
-56442
In base 13, what is 4447c8 - -6?
444801
In base 8, what is -2411 - -45476?
43065
In base 5, what is -113 - 1241242212?
-1241242330
In base 11, what is 52294 - 86?
52209
In base 2, what is 111000 - 1000101001000000101?
-1000101000111001101
In base 9, what is 6 + -475631?
-475624
In base 12, what is 254333b + -14?
2543327
In base 5, what is -32012221 + 3133?
-32004033
In base 15, what is 28ec3a - -b3?
28eced
In base 14, what is -1 - 1a39077?
-1a39078
In base 3, what is -10121102101000 + -22010?
-10121102200010
In base